der when d is divided by 135?
98
Calculate the remainder when 93 is divided by 9/(-12)*40/(-1 - 4).
3
Suppose -6*f + 237 = 207, -909 = -4*j + 3*f. Calculate the remainder when j is divided by 96.
39
Let t = 6401 + -6303. What is the remainder when 362 is divided by t?
68
Let m(d) = -d**3 - 108*d**2 - 3*d - 265. What is the remainder when 938 is divided by m(-108)?
53
Suppose 0 = -c - 4, -3*h - 3*c + 15863 - 518 = 0. Calculate the remainder when h is divided by 28.
23
Let b(k) = 5*k**2 - 65*k - 44. Suppose 3*r - z - 144 = 88, 0 = z + 1. What is the remainder when r is divided by b(14)?
25
Let b(j) = j**2 - 48*j + 672. What is the remainder when 515 is divided by b(21)?
95
Let i = -1398 - -1589. What is the remainder when i is divided by 58?
17
Let c = 16320 - 16035. Calculate the remainder when c is divided by 11.
10
Suppose -2*u - 19*z + 642 = -21*z, 2*z = 3*u - 960. Calculate the remainder when u is divided by 317.
1
Suppose 8 = -2*c - 2*f + 10, -4*c + 3*f = -39. Suppose -80 = 4*u - 6*u. What is the remainder when (-83 - -4)/((-3)/c) is divided by u?
38
Let r(j) = -j**3 + 8*j**2 + 9*j - 9. Suppose -12 = -4*n + n. Suppose 2*a - n*a + 26 = 0. Calculate the remainder when r(8) is divided by a.
11
Let y be -1 + 1 - (-39 + 21). What is the remainder when 3 + (y/(-12))/((-5)/120) is divided by 30?
9
Suppose -3*h + 10 = 2*h. Suppose h*m = -0*v + 4*v - 30, -3*v + 20 = -m. What is the remainder when v is divided by (-93)/(-21) + (-18)/42?
1
Let b(t) = t**2 - 3*t - 3. Let u(s) = -9*s**2 + 762*s - 8718. Calculate the remainder when u(71) is divided by b(-2).
1
Let a(b) = b**3 - 4*b**2 + 17*b - 52. What is the remainder when a(6) is divided by 122?
0
Let t = 48 - 22. Let v be (29 - 18/(-9)) + 0. Suppose -5*j + v = -q, 0 = -4*j + 4*q + 38 - 10. What is the remainder when t is divided by j?
2
Let k(h) = -212*h - 13. Let i be k(3). Let q = -622 - i. What is the remainder when 155 is divided by q?
20
Let u = 18175 - 15626. What is the remainder when u is divided by 318?
5
Suppose -15*g = -1428 - 402. Let h = 55 + g. What is the remainder when h is divided by 60?
57
Let h(b) = 21*b**2 + 239*b + 946. What is the remainder when 985 is divided by h(-4)?
7
Suppose -5517*r = -5462*r - 10560. Suppose -i = -4*i + 120. What is the remainder when r is divided by i?
32
Let y(o) = 2*o**2 - 19*o - 28. Let d be (1/(-2))/(41/738). What is the remainder when y(d) is divided by 34?
33
Suppose 81*q - 54 = 90*q, -2*t = -4*q - 2626. What is the remainder when t is divided by 12?
5
Let h = -744 - -812. Let s be (-4)/(-18) + 439/9. Let r = h - s. What is the remainder when 72 is divided by r?
15
Let p = 107 + -104. Calculate the remainder when 22 is divided by 140/42 + p/(-9).
1
Let q(o) = 3*o**2 + 37*o + 447. What is the remainder when q(0) is divided by 18?
15
Suppose -31*j + 12*j - 76 = 0. Suppose 0 = -3*g + 2 + 64. Calculate the remainder when g is divided by (2 - 0) + j + (11 - 2).
1
Suppose 19 - 19 = -p. Suppose 238 = 7*k - 4*k - l, 2*k - 4*l - 162 = p. Suppose k*s - 78*s = 23. Calculate the remainder when 158 is divided by s.
20
Let a = 497 + -829. What is the remainder when 93/62*a/(-6) is divided by 80?
3
Let u = -1422 + 1767. What is the remainder when u is divided by 109?
18
Suppose 684 = -563*g + 575*g. What is the remainder when g is divided by (-2)/(-11) + 163/11?
12
Let h = -65 - -74. Let u(y) = -6*y**2 + 3*y + 3. Let p be u(h). Calculate the remainder when 62 is divided by 8/140*5 + p/(-21).
18
Suppose 0 = -4*f + 8. Suppose i = f*n - 3*n - 1, 5*i = 5*n + 25. Calculate the remainder when 26 is divided by n + 3 - -8*1.
2
Let n(a) = -2*a + 2. Calculate the remainder when 16 + -8 - (-6*(-5)/10 - 7) is divided by n(-3).
4
Let o(v) = v**2 - 21 - 29*v - 27 + 6*v + 13*v + 9*v. Calculate the remainder when (-176)/(-6) - (-3)/(-9) is divided by o(-7).
5
Suppose -s = k + 4*k - 422, 4*k = -4*s + 328. Suppose -79*l = -k*l + 426. Calculate the remainder when l is divided by 36.
35
What is the remainder when (-16)/(-560)*5545 + (-6)/14 is divided by 81?
77
Suppose 5*m = -h - 3 + 15, m - 6 = h. Calculate the remainder when 3*(4/(-16))/(h/156) is divided by 10.
9
Calculate the remainder when 1850 is divided by 696/(-44) + 16 + 31/11 + 612.
5
Let b(h) = -h**2 + 29*h - 147. Let n be b(7). Suppose 5*r + m - 970 = 0, 9*m = -3*r + n*m + 589. Calculate the remainder when r is divided by 15.
13
Suppose -14*n - 62 - 92 = 0. Let h be (10 + n)*(-1)/2*6. Suppose h*o - 105 = -9. Calculate the remainder when o is divided by 17.
15
Let v(c) = -3*c + 10. Let q(p) = p - 22. Let u be q(0). Suppose -50 = 4*j - 154. Calculate the remainder when v(u) is divided by j.
24
What is the remainder when (-1 + 501/9)*(13 + -7) is divided by (-12)/10*(-1320)/72?
20
Suppose -i - 119 = -5*s, 3*s + 19 = 4*s + i. Let d(w) = 2*w - 15. Let u be d(-12). Let h = u - -51. What is the remainder when s is divided by h?
11
Let p = -38005 - -39650. What is the remainder when p is divided by 59?
52
Let j(a) = 5*a**2 - 257*a - 275. What is the remainder when 1357 is divided by j(53)?
16
Let f(x) = -6*x**3 - 45*x**2 - 40*x + 11. Let c(o) = o**3 + 4*o + 1. Let u(a) = 4*c(a) + f(a). What is the remainder when u(-22) is divided by 11?
4
Let q = -12809 - -12821. Let o(i) = -i**2 - 9*i - 5. Let m be o(-7). Suppose 83 + m = 4*v. Calculate the remainder when v is divided by q.
11
Suppose 0 = -2*f + 139 - 127. Calculate the remainder when 28/f*54/12 is divided by 7.
0
Suppose -12*z - 5*z = -340. Suppose 3*p + 3*k - 24 = 0, -p + z = 2*p + 5*k. What is the remainder when 18 is divided by p?
8
Calculate the remainder when -6 - (-14 + 41)*(0 + -2) is divided by -5 - -28 - (3 - 1).
6
Calculate the remainder when (5172 - 4) + 12 + 3/3 + 0 is divided by 12.
9
Let o(b) = 4*b. Let k be (4/(-8))/((-1)/6). Suppose k*v - 4 = 35. What is the remainder when v is divided by o(1)?
1
Let b = 261 + -201. Suppose 141 = 2*c + 2*g - 11, -3*g = -c + b. What is the remainder when 430 is divided by c?
70
Let y(k) = 4*k**2 + k. Let u be y(-4). What is the remainder when -4 + (-910)/(-4)*48/u is divided by 18?
16
Let h = 35325 - 35241. Calculate the remainder when 3353 is divided by h.
77
Let q(p) = -1851*p - 86978. Let u be (-1)/(1 - 3)*4. Suppose -u*z = 2*z - 44. Calculate the remainder when q(-47) is divided by z.
8
Suppose -5*v + 49 = -16. Suppose -d = -v*d + 552. Let i = d + -38. Calculate the remainder when 79 is divided by i.
7
Suppose 0 = -35768*v + 35797*v - 928. Suppose -87 - 203 = -5*t. Calculate the remainder when t is divided by v.
26
Suppose 3*t + 5*v = 280, t - 1022 = -4*v - 903. What is the remainder when (211 - (0 - 0))/1 is divided by t?
61
Let p = 11 + 5. Let d = 35154 - 35138. What is the remainder when d is divided by p?
0
Let h(j) = j**3 - 4*j**2 - 3*j - 1. Let m be ((-144)/(-60))/(4*(-2)/(-20)). Calculate the remainder when h(m) is divided by 6.
5
Suppose -2*a + 3*o + 1395 = 0, -4*a - 486*o = -490*o - 2808. Calculate the remainder when a is divided by 49 - (2 + -1)*-2.
48
Suppose 12*l + 42176 = 4*u, 8*l - 31744 = -3*u + 3*l. Calculate the remainder when u is divided by 25.
18
Suppose -4*v + 3*y + 315 = 0, 308 = 8*v - 4*v + 4*y. Let s(g) = 3*g + 1. What is the remainder when v is divided by s(5)?
14
Let h(m) = -m**2 - 77*m + 4930. Calculate the remainder when h(-116) is divided by 110.
76
Let b = 43 - 45. Let m(k) = 8*k**2 - k - 6. Suppose -7*z = -9*z + 218. What is the remainder when z is divided by m(b)?
25
Suppose -71109 + 12216 = -67*l. What is the remainder when 879 is divided by l?
0
Let y(p) = 3*p**2 - 32. Let l = 260 + -253. Calculate the remainder when y(l) is divided by 65.
50
Let h = 6958 - 6789. What is the remainder when h is divided by 162?
7
Suppose 133*p - 130*p = 2922. Let c be (-2 + -2)*p/(-8). Suppose -5*x + 4*i + c = 0, 2*x - 2*i = 77 + 117. What is the remainder when x is divided by 26?
21
Let n be (40/(-20) - (-5 - 0)) + 2. Suppose -a + n = u, 2*u - 6*a = -a + 17. Calculate the remainder when 17 is divided by u.
5
Let o(g) = 28*g - 1085. Calculate the remainder when 168 is divided by o(40).
28
Let y be (4/10)/(7/35*-1). Let m be 0/(8/(-4))*y/(-4). What is the remainder when 136 is divided by (m - (-92)/8)*2?
21
Let a(q) = 2*q**3 + 4*q**2 + 3*q - 10. Let g be a(-4). Let s = g + 143. Calculate the remainder when